 26.
23
What is the remainder when 13138 is divided by 77?
48
What is the remainder when 352457 is divided by 122?
121
What is the remainder when 4605 is divided by 122?
91
What is the remainder when 29324 is divided by 9756?
56
What is the remainder when 1535880 is divided by 5?
0
Calculate the remainder when 1728 is divided by 124.
116
Calculate the remainder when 1472 is divided by 717.
38
Calculate the remainder when 9659408 is divided by 53.
52
What is the remainder when 528357 is divided by 510?
507
Calculate the remainder when 444 is divided by 3.
0
What is the remainder when 14793 is divided by 4?
1
Calculate the remainder when 7032 is divided by 35.
32
Calculate the remainder when 107574 is divided by 27.
6
What is the remainder when 6832 is divided by 124?
12
Calculate the remainder when 13318 is divided by 13262.
56
What is the remainder when 12953 is divided by 3236?
9
What is the remainder when 144977 is divided by 73?
72
Calculate the remainder when 23190 is divided by 305.
10
What is the remainder when 895081 is divided by 859?
3
Calculate the remainder when 1936331 is divided by 108.
107
Calculate the remainder when 5666 is divided by 196.
178
What is the remainder when 59282 is divided by 59235?
47
What is the remainder when 663950 is divided by 33197?
10
What is the remainder when 28889 is divided by 43?
36
Calculate the remainder when 1206 is divided by 93.
90
Calculate the remainder when 1015001 is divided by 1741.
1739
What is the remainder when 5747 is divided by 72?
59
What is the remainder when 1718 is divided by 444?
386
What is the remainder when 2032 is divided by 473?
140
What is the remainder when 10514 is divided by 379?
281
What is the remainder when 44879 is divided by 8945?
154
Calculate the remainder when 122237 is divided by 382.
379
What is the remainder when 13100 is divided by 1870?
10
What is the remainder when 721834 is divided by 9?
7
What is the remainder when 147930 is divided by 42?
6
Calculate the remainder when 3253 is divided by 203.
5
What is the remainder when 70632 is divided by 28?
16
Calculate the remainder when 90278 is divided by 20.
18
What is the remainder when 28174 is divided by 7009?
138
What is the remainder when 16916 is divided by 27?
14
Calculate the remainder when 1078914 is divided by 39.
18
What is the remainder when 18683 is divided by 1334?
7
Calculate the remainder when 206023 is divided by 354.
349
Calculate the remainder when 1812 is divided by 91.
83
Calculate the remainder when 6140 is divided by 231.
134
Calculate the remainder when 827 is divided by 91.
8
What is the remainder when 119617 is divided by 25?
17
What is the remainder when 1390 is divided by 438?
76
What is the remainder when 8260 is divided by 52?
44
What is the remainder when 9061 is divided by 110?
41
Calculate the remainder when 90830 is divided by 28.
26
What is the remainder when 98403 is divided by 87?
6
What is the remainder when 2749 is divided by 316?
221
Calculate the remainder when 19029 is divided by 761.
4
What is the remainder when 503711 is divided by 106?
105
What is the remainder when 642403 is divided by 321195?
13
What is the remainder when 41220 is divided by 626?
530
Calculate the remainder when 17389 is divided by 13.
8
Calculate the remainder when 553321 is divided by 482.
467
Calculate the remainder when 139017 is divided by 19859.
4
What is the remainder when 23571 is divided by 319?
284
Calculate the remainder when 21436 is divided by 21.
16
Calculate the remainder when 339492 is divided by 37720.
12
Calculate the remainder when 24249 is divided by 164.
141
What is the remainder when 980 is divided by 8?
4
What is the remainder when 49432 is divided by 130?
32
Calculate the remainder when 61251 is divided by 40.
11
What is the remainder when 15848 is divided by 317?
315
Calculate the remainder when 502903 is divided by 125721.
19
Calculate the remainder when 52094 is divided by 407.
405
What is the remainder when 16016 is divided by 193?
190
Calculate the remainder when 267496 is divided by 18.
16
What is the remainder when 8002 is divided by 157?
152
Calculate the remainder when 9813 is divided by 16.
5
What is the remainder when 39580 is divided by 203?
198
What is the remainder when 2809 is divided by 23?
3
What is the remainder when 10864 is divided by 1779?
190
Calculate the remainder when 730583 is divided by 28.
7
Calculate the remainder when 22846 is divided by 11198.
450
Calculate the remainder when 11890 is divided by 11212.
678
Calculate the remainder when 1472 is divided by 57.
47
Calculate the remainder when 11127 is divided by 5336.
455
Calculate the remainder when 13439 is divided by 64.
63
Calculate the remainder when 2845 is divided by 151.
127
What is the remainder when 117571 is divided by 26?
25
Calculate the remainder when 98378 is divided by 6558.
8
What is the remainder when 5757 is divided by 380?
57
What is the remainder when 9429 is divided by 286?
277
Calculate the remainder when 47803 is divided by 114.
37
Calculate the remainder when 3179 is divided by 1569.
41
Calculate the remainder when 2447508 is divided by 11.
8
Calculate the remainder when 39369 is divided by 105.
99
Calculate the remainder when 98724 is divided by 301.
297
What is the remainder when 763 is divided by 45?
43
What is the remainder when 21965 is divided by 396?
185
What is the remainder when 44155 is divided by 13?
7
Calculate the remainder when 95104 is divided by 102.
40
Calculate the remainder when 11434 is divided by 95.
34
Calculate the remainder when 81333 is divided by 166.
159
What is the remainder when 15701 is divided by 495?
356
What is the remainder when 210965 is divided by 17?
12
What is the remainder when 4041 is divided by 4040?
1
What is the remainder when 129463 is divided by 32363?
11
What is the remainder when 2009 is divided by 458?
177
What is the remainder when 13497 is divided by 47?
8
Calculate the remainder when 2948 is divided by 115.
73
Calculate the remainder when 7631346 is divided by 290.
286
What is the remainder when 20745 is divided by 9?
0
What is the remainder when 233791 is divided by 29?
22
What is the remainder when 16815 is divided by 510?
495
Calculate the remainder when 61231 is divided by 795.
16
Calculate the remainder when 23532 is divided by 13.
2
Calculate the remainder when 4518 is divided by 267.
246
Calculate the remainder when 8013 is divided by 8000.
13
Calculate the remainder when 1019610 is divided by 44.
42
What is the remainder when 4446 is divided by 590?
316
What is the remainder when 20169 is divided by 20132?
37
Calculate the remainder when 131 is divided by 11.
10
What is the remainder when 3442 is divided by 164?
162
What is the remainder when 1681 is divided by 566?
549
Calculate the remainder when 264889 is divided by 17.
12
Calculate the remainder when 48376 is divided by 9613.
311
Calculate the remainder when 288 is divided by 6.
0
What is the remainder when 17964 is divided by 39?
24
Calculate the remainder when 31336 is divided by 5.
1
Calculate the remainder when 180489 is divided by 39.
36
What is the remainder when 345552 is divided by 117?
51
What is the remainder when 784 is divided by 103?
63
Calculate the remainder when 1436 is divided by 452.
80
Calculate the remainder when 8483 is divided by 6.
5
Calculate the remainder when 4473 is divided by 523.
289
Calculate the remainder when 767 is divided by 362.
43
Calculate the remainder when 324442 is divided by 1545.
1537
What is the remainder when 15952 is divided by 7965?
22
What is the remainder when 61932 is divided by 63?
3
Calculate the remainder when 2746 is divided by 394.
382
What is the remainder when 22848 is divided by 7605?
33
What is the remainder when 69007 is divided by 451?
4
What is the remainder when 65359 is divided by 32657?
45
What is the remainder when 5030 is divided by 111?
35
Calculate the remainder when 11039 is divided by 1571.
42
Calculate the remainder when 7071 is divided by 3524.
23
Calculate the remainder when 37527 is divided by 47.
21
What is the remainder when 13965 is divided by 97?
94
What is the remainder when 13101 is divided by 15?
6
Calculate the remainder when 60471 is divided by 391.
257
Calculate the remainder wh